{"id":4674,"date":"2023-05-30T14:04:25","date_gmt":"2023-05-30T14:04:25","guid":{"rendered":"https:\/\/biharertekei.hu\/?page_id=4674"},"modified":"2023-08-31T14:37:23","modified_gmt":"2023-08-31T14:37:23","slug":"bemutatkozas","status":"publish","type":"page","link":"https:\/\/biharertekei.hu\/","title":{"rendered":"Bemutatkoz\u00e1s"},"content":{"rendered":"<section class=\"wpb-content-wrapper\"><p>[vc_row full_width=&#8221;stretch_row_content_no_spaces&#8221; content_placement=&#8221;middle&#8221; parallax=&#8221;content-moving&#8221; parallax_image=&#8221;4714&#8243; css=&#8221;.vc_custom_1685459719546{margin-bottom: 50px !important;background-position: center;background-repeat: no-repeat !important;background-size: cover !important;}&#8221;][vc_column][vc_single_image image=&#8221;4877&#8243; img_size=&#8221;full&#8221; alignment=&#8221;center&#8221;][\/vc_column][\/vc_row][vc_row][vc_column][vc_column_text]Az alap\u00edtv\u00e1ny c\u00e9lja a kult\u00fara fejleszt\u00e9se, a helyi hagyom\u00e1nyok \u00e9s a kultur\u00e1lis \u00f6r\u00f6ks\u00e9g v\u00e9delme, t\u00e1boroztat\u00e1sok szervez\u00e9se; a szabadid\u0151 hasznos elt\u00f6lt\u00e9s\u00e9re nevel\u00e9s; m\u0171v\u00e9szeti tev\u00e9kenys\u00e9g, kultur\u00e1lis \u00f6r\u00f6ks\u00e9g meg\u0151rz\u00e9se, n\u00e9pm\u0171v\u00e9szet, hagyom\u00e1ny\u0151rz\u00e9s; gasztron\u00f3miai hagyom\u00e1nyok \u00e1pol\u00e1sa, jellegzetes \u00e9telek n\u00e9pszer\u0171s\u00edt\u00e9se, n\u00e9pi k\u00e9zm\u0171vess\u00e9g n\u00e9pszer\u0171s\u00edt\u00e9se \u00e9s bemutat\u00e1sa, h\u00e1tr\u00e1nyos helyzet\u0171 t\u00e9rs\u00e9g lak\u00f3inak ingyenes \u00e9lm\u00e9nyszer\u0171 programok biztos\u00edtsa stb. Az alap\u00edtv\u00e1ny fiatals\u00e1g\u00e1b\u00f3l ad\u00f3d\u00f3an a programok megval\u00f3s\u00edt\u00e1s\u00e1hoz szeretn\u00e9nk olyan eszk\u00f6z\u00f6ket megp\u00e1ly\u00e1zni amelyek seg\u00edtenek el\u00e9rni a fent kit\u0171z\u00f6tt c\u00e9lokat. A Bihari t\u00e9rs\u00e9gben kiemelten \u00c1lmosdon \u00e9s k\u00f6rny\u00e9k\u00e9n szinte egy\u00e1ltal\u00e1n nincsen szabadid\u0151s , kultur\u00e1lis, kikapcsol\u00f3d\u00e1si lehet\u0151s\u00e9g, erre helyi probl\u00e9m\u00e1ra szeretne reag\u00e1lni az Alap\u00edtv\u00e1ny.[\/vc_column_text][\/vc_column][\/vc_row][vc_row full_width=&#8221;stretch_row_content_no_spaces&#8221; content_placement=&#8221;middle&#8221; parallax=&#8221;content-moving&#8221; parallax_image=&#8221;4876&#8243; css=&#8221;.vc_custom_1693491753926{margin-top: 50px !important;margin-bottom: 50px !important;background-position: center;background-repeat: no-repeat !important;background-size: cover !important;}&#8221;][vc_column][vc_empty_space height=&#8221;25em&#8221;][\/vc_column][\/vc_row][vc_row][vc_column][vc_column_text]A c\u00e9lkit\u0171z\u00e9seknek megfelel\u0151en a nevel\u00e9ssel, k\u00e9pess\u00e9gfejleszt\u00e9ssel a halmozottan h\u00e1tr\u00e1nyos helyzet\u0171 csal\u00e1dok \u00e9s a lakoss\u00e1g sz\u00e1m\u00e1ra m\u00e1r a t\u00e9li id\u0151szakban is ker\u00fcl megrendez\u00e9sre program az \u00c1lmosdi kar\u00e1csonyi v\u00e1s\u00e1r. \u00cdgy a telep\u00fcl\u00e9s m\u00e1r a tavalyi \u00e9vben is tapasztalhatta az alap\u00edtv\u00e1ny k\u00f6z\u00f6ss\u00e9g form\u00e1l\u00f3 \u00e9s \u00e9rt\u00e9kmeg\u0151rz\u0151 tev\u00e9kenys\u00e9g\u00e9t. Helyi kistermel\u0151k magyar k\u00e9zm\u0171ves \u00edzekkel, hagyom\u00e1nyokkal kapcsolatban meg tudtak jelenni a v\u00e1s\u00e1rban, \u00e9s n\u00e9pszer\u0171s\u00edteni tudt\u00e1k port\u00e9k\u00e1jukat. Az adventi id\u0151szakban r\u00e1szorul\u00f3 csal\u00e1doknak ruha adom\u00e1ny gy\u0171jt\u00e9st szervezett az alap\u00edtv\u00e1ny, melyet az \u00fcnnep el\u0151tt \u00e1t is adott. C\u00e9ljaink k\u00f6z\u00f6tt szerepel a jeles napok hagyom\u00e1nyainak feleleven\u00edt\u00e9se, ez\u00e9rt minden \u00e9vszakban szeretn\u00e9nk egy jeles naphoz, \u00fcnnepk\u00f6rh\u00f6z vagy hagyom\u00e1nyhoz kapcsol\u00f3dni melynek, bemutat\u00e1sa, meg\u00e9l\u00e9se akt\u00edv min\u0151s\u00e9gi id\u0151 elt\u00f6lt\u00e9s\u00e9t, tud\u00e1s\u00e1tad\u00e1st \u00e9s k\u00f6z\u00f6ss\u00e9gi koh\u00e9zi\u00f3 er\u0151s\u00f6d\u00e9s\u00e9t szolg\u00e1ln\u00e1 \u00c1lmosdon \u00e9s vonz\u00e1sk\u00f6rzet\u00e9ben. Tavasszal szeretn\u00e9nk magyar filmnapokat szervezni, ehhez rendelkez\u00fcnk megfelel\u0151 helys\u00e9ggel \u00e9s sz\u00e9kekkel, a min\u0151s\u00e9gi vet\u00edt\u00e9s eszk\u00f6zeire lenne sz\u00fcks\u00e9g\u00fcnk, amivel k\u00fclt\u00e9ren \u00e9s belt\u00e9ren egyar\u00e1nt tudunk filmes programokat szervezni. Ny\u00e1ron szeretn\u00e9nk fest\u0151 t\u00e1bort megval\u00f3s\u00edtani, ehhez rendelkez\u00fcnk megfelel\u0151 helysz\u00ednnel, alapanyagokkal. \u0150sszel a falusi hagyom\u00e1nyok \u00e9letben tart\u00e1s\u00e1hoz szeretn\u00e9nk egy sz\u00fcreti mulats\u00e1got tartani. T\u00e9len pedig nyitott port\u00e1s diszn\u00f3tort tervez\u00fcnk ehhez rendelkez\u00fcnk m\u00e1r b\u00fabos kemenc\u00e9vel, csik\u00f3s sparhelttel, a tov\u00e1bbi gasztro programokhoz lenne sz\u00fcks\u00e9g\u00fcnk egy grillez\u0151 \u00e9s egy f\u00fcst\u00f6l\u0151 k\u00e9sz\u00fcl\u00e9kre.[\/vc_column_text][\/vc_column][\/vc_row][vc_row full_width=&#8221;stretch_row_content_no_spaces&#8221; content_placement=&#8221;middle&#8221; parallax=&#8221;content-moving&#8221; parallax_image=&#8221;4878&#8243; css=&#8221;.vc_custom_1693491770426{margin-top: 50px !important;margin-bottom: 50px !important;background-position: center;background-repeat: no-repeat !important;background-size: cover !important;}&#8221;][vc_column][vc_empty_space height=&#8221;25em&#8221;][\/vc_column][\/vc_row][vc_row][vc_column][vc_column_text]A Bihar \u00c9rt\u00e9keinek alap\u00edtv\u00e1nya jelenleg az elm\u00falt f\u00e9l \u00e9vben m\u00e1r t\u00f6bb ter\u00fcleten is megval\u00f3s\u00edtotta alap c\u00e9lkit\u0171z\u00e9seit, gyermek , feln\u0151tt ruha adom\u00e1nyokat gy\u0171jt\u00f6tt, amelyeket c\u00e9lzottan az \u00c1lmosdi \u00f3voda gyermekeinek \u00e9s r\u00e1szorul\u00f3 sz\u00fcleinek adom\u00e1nyoztak, valamint a helyi g\u00f6r\u00f6g katolikus k\u00f6z\u00f6ss\u00e9g r\u00e1szorul\u00f3 tagjainak. Kar\u00e1csonyi v\u00e1s\u00e1r megtart\u00e1sa, helyi termel\u0151kkel, helyi k\u00f6z\u00f6ss\u00e9gi csoportok bemutatkoz\u00e1s\u00e1val, hagyom\u00e1ny\u00f6rz\u00e9s bemutat\u00e1s\u00e1val. A p\u00e1ly\u00e1zat ezek folytat\u00e1s\u00e1t teszi lehet\u0151v\u00e9, a programok alap eszk\u00f6zsz\u00fcks\u00e9glet\u00e9t illetve azon szem\u00e9lyi \u00e9s szolg\u00e1ltat\u00f3i tev\u00e9kenys\u00e9gek k\u00f6lts\u00e9g\u00e9t fedezi amellyel, \u00e9rt\u00e9k ad\u00f3 \u00e9s hagyom\u00e1ny\u00f6rz\u0151 tev\u00e9kenys\u00e9get tud biztos\u00edtani az alap\u00edtv\u00e1ny a j\u00e1r\u00e1sban l\u00e9v\u0151 lakoss\u00e1gnak. Ezekkel a sz\u00f3rakoztat\u00f3, kultur\u00e1lis \u00e9s szabadid\u0151s programokkal igyeksz\u00fcnk \u00f6sszetart\u00f3 \u00e9s \u00e9l\u0151 k\u00f6z\u00f6ss\u00e9g\u00e9 form\u00e1lni. Az alap\u00edtv\u00e1ny igyekszik m\u00e9g t\u00f6bb \u00e9s sz\u00ednesebb lehet\u0151s\u00e9get biztos\u00edtani a fejl\u0151d\u00e9sre, kikapcsol\u00f3d\u00e1sra ehhez elengedhetetlenek a d\u00edjmentes, t\u00f6bb koroszt\u00e1lyt megsz\u00f3l\u00edt\u00f3 k\u00f6z\u00f6ss\u00e9gi \u00e9s szeml\u00e9letform\u00e1l\u00f3 programok. Az eszk\u00f6z\u00f6k b\u00e9rl\u00e9se vagy az szervez\u0151k, el\u0151dad\u00f3k szem\u00e9lyi k\u00f6lts\u00e9ge jelenleg m\u00e1s anyagi forr\u00e1sb\u00f3l nem fedezhet\u0151 ez\u00e9rt l\u00e9tfontoss\u00e1g\u00fa a p\u00e1ly\u00e1zat, t\u00e1mogat\u00e1sa a szervezet m\u0171k\u00f6d\u00e9s\u00e9hez.[\/vc_column_text][\/vc_column][\/vc_row][vc_row full_width=&#8221;stretch_row_content_no_spaces&#8221; content_placement=&#8221;middle&#8221; parallax=&#8221;content-moving&#8221; parallax_image=&#8221;4885&#8243; css=&#8221;.vc_custom_1693492640730{margin-top: 50px !important;margin-bottom: 50px !important;background-position: center;background-repeat: no-repeat !important;background-size: cover !important;}&#8221;][vc_column][vc_empty_space height=&#8221;25em&#8221;][\/vc_column][\/vc_row]<\/p>\n<\/section>","protected":false},"excerpt":{"rendered":"<p>[vc_row full_width=&#8221;stretch_row_content_no_spaces&#8221; content_placement=&#8221;middle&#8221; parallax=&#8221;content-moving&#8221; parallax_image=&#8221;4714&#8243; css=&#8221;.vc_custom_1685459719546{margin-bottom: 50px !important;background-position: center;background-repeat: no-repeat !important;background-size: cover !important;}&#8221;][vc_column][vc_single_image image=&#8221;4877&#8243; img_size=&#8221;full&#8221; alignment=&#8221;center&#8221;][\/vc_column][\/vc_row][vc_row][vc_column][vc_column_text]Az alap\u00edtv\u00e1ny c\u00e9lja a kult\u00fara fejleszt\u00e9se, a helyi hagyom\u00e1nyok \u00e9s a kultur\u00e1lis \u00f6r\u00f6ks\u00e9g v\u00e9delme, t\u00e1boroztat\u00e1sok [&hellip;]<\/p>\n","protected":false},"author":1,"featured_media":0,"parent":0,"menu_order":0,"comment_status":"closed","ping_status":"closed","template":"","meta":{"footnotes":""},"class_list":["post-4674","page","type-page","status-publish","hentry"],"_links":{"self":[{"href":"https:\/\/biharertekei.hu\/index.php\/wp-json\/wp\/v2\/pages\/4674","targetHints":{"allow":["GET"]}}],"collection":[{"href":"https:\/\/biharertekei.hu\/index.php\/wp-json\/wp\/v2\/pages"}],"about":[{"href":"https:\/\/biharertekei.hu\/index.php\/wp-json\/wp\/v2\/types\/page"}],"author":[{"embeddable":true,"href":"https:\/\/biharertekei.hu\/index.php\/wp-json\/wp\/v2\/users\/1"}],"replies":[{"embeddable":true,"href":"https:\/\/biharertekei.hu\/index.php\/wp-json\/wp\/v2\/comments?post=4674"}],"version-history":[{"count":32,"href":"https:\/\/biharertekei.hu\/index.php\/wp-json\/wp\/v2\/pages\/4674\/revisions"}],"predecessor-version":[{"id":4886,"href":"https:\/\/biharertekei.hu\/index.php\/wp-json\/wp\/v2\/pages\/4674\/revisions\/4886"}],"wp:attachment":[{"href":"https:\/\/biharertekei.hu\/index.php\/wp-json\/wp\/v2\/media?parent=4674"}],"curies":[{"name":"wp","href":"https:\/\/api.w.org\/{rel}","templated":true}]}}