{"id":4656,"date":"2023-05-19T13:20:41","date_gmt":"2023-05-19T13:20:41","guid":{"rendered":"https:\/\/biharertekei.hu\/?page_id=4656"},"modified":"2023-09-01T15:31:43","modified_gmt":"2023-09-01T15:31:43","slug":"galeriak","status":"publish","type":"page","link":"https:\/\/biharertekei.hu\/index.php\/galeriak\/","title":{"rendered":"Gal\u00e9ri\u00e1k"},"content":{"rendered":"<section class=\"wpb-content-wrapper\"><p>[vc_row][vc_column][vc_column_text]<\/p>\n<h1>Gal\u00e9ri\u00e1k<\/h1>\n<p>[\/vc_column_text][\/vc_column][\/vc_row][vc_row][vc_column width=&#8221;1\/4&#8243;][vc_column_text]<\/p>\n<h6>2021-es v\u00e1s\u00e1r<\/h6>\n<p>[\/vc_column_text][vc_empty_space height=&#8221;20&#8243;][vc_gallery type=&#8221;flexslider_slide&#8221; interval=&#8221;0&#8243; images=&#8221;4811,4812,4813,4814,4815,4816,4817,4818,4819,4820&#8243; css=&#8221;.vc_custom_1693482826853{border-radius: 5px !important;}&#8221;][\/vc_column][vc_column width=&#8221;1\/4&#8243;][vc_column_text]<\/p>\n<h6>2022-es v\u00e1s\u00e1r<\/h6>\n<p>[\/vc_column_text][vc_empty_space height=&#8221;20&#8243;][vc_gallery interval=&#8221;0&#8243; images=&#8221;4821,4822,4823,4824,4825,4826,4827,4828,4829,4830,4831,4832,4833,4834,4835,4836,4837,4838,4839,4840,4841,4842,4843,4844,4845,4846,4847,4848,4849,4850,4851,4852,4853,4854,4855&#8243;][\/vc_column][vc_column width=&#8221;1\/4&#8243;][vc_column_text]<\/p>\n<h6>Adom\u00e1nygy\u0171jt\u00e9s, \u00f3voda<\/h6>\n<p>[\/vc_column_text][vc_empty_space height=&#8221;20&#8243;][vc_gallery interval=&#8221;0&#8243; images=&#8221;4856,4857,4858,4859&#8243;][\/vc_column][vc_column width=&#8221;1\/4&#8243;][vc_column_text]<\/p>\n<h6>Adom\u00e1nygy\u0171jt\u00e9s, 2023.03.29.<\/h6>\n<p>[\/vc_column_text][vc_empty_space height=&#8221;20&#8243;][vc_gallery interval=&#8221;0&#8243; images=&#8221;4860,4861,4862,4863,4864,4865&#8243;][\/vc_column][\/vc_row][vc_row][vc_column width=&#8221;1\/4&#8243;][vc_column_text]<\/p>\n<h6>Mozis vet\u00edt\u00e9s<\/h6>\n<p>[\/vc_column_text][vc_empty_space height=&#8221;20&#8243;][vc_gallery type=&#8221;flexslider_slide&#8221; interval=&#8221;0&#8243; images=&#8221;4887,4888,4889,4890&#8243; css=&#8221;.vc_custom_1693582298820{border-radius: 5px !important;}&#8221;][\/vc_column][\/vc_row]<\/p>\n<\/section>","protected":false},"excerpt":{"rendered":"<p>[vc_row][vc_column][vc_column_text] Gal\u00e9ri\u00e1k [\/vc_column_text][\/vc_column][\/vc_row][vc_row][vc_column width=&#8221;1\/4&#8243;][vc_column_text] 2021-es v\u00e1s\u00e1r [\/vc_column_text][vc_empty_space height=&#8221;20&#8243;][vc_gallery type=&#8221;flexslider_slide&#8221; interval=&#8221;0&#8243; images=&#8221;4811,4812,4813,4814,4815,4816,4817,4818,4819,4820&#8243; css=&#8221;.vc_custom_1693482826853{border-radius: 5px !important;}&#8221;][\/vc_column][vc_column width=&#8221;1\/4&#8243;][vc_column_text] 2022-es v\u00e1s\u00e1r [\/vc_column_text][vc_empty_space height=&#8221;20&#8243;][vc_gallery interval=&#8221;0&#8243; images=&#8221;4821,4822,4823,4824,4825,4826,4827,4828,4829,4830,4831,4832,4833,4834,4835,4836,4837,4838,4839,4840,4841,4842,4843,4844,4845,4846,4847,4848,4849,4850,4851,4852,4853,4854,4855&#8243;][\/vc_column][vc_column width=&#8221;1\/4&#8243;][vc_column_text] Adom\u00e1nygy\u0171jt\u00e9s, \u00f3voda [\/vc_column_text][vc_empty_space height=&#8221;20&#8243;][vc_gallery interval=&#8221;0&#8243; images=&#8221;4856,4857,4858,4859&#8243;][\/vc_column][vc_column width=&#8221;1\/4&#8243;][vc_column_text] Adom\u00e1nygy\u0171jt\u00e9s, [&hellip;]<\/p>\n","protected":false},"author":1,"featured_media":0,"parent":0,"menu_order":0,"comment_status":"closed","ping_status":"closed","template":"","meta":{"footnotes":""},"class_list":["post-4656","page","type-page","status-publish","hentry"],"_links":{"self":[{"href":"https:\/\/biharertekei.hu\/index.php\/wp-json\/wp\/v2\/pages\/4656","targetHints":{"allow":["GET"]}}],"collection":[{"href":"https:\/\/biharertekei.hu\/index.php\/wp-json\/wp\/v2\/pages"}],"about":[{"href":"https:\/\/biharertekei.hu\/index.php\/wp-json\/wp\/v2\/types\/page"}],"author":[{"embeddable":true,"href":"https:\/\/biharertekei.hu\/index.php\/wp-json\/wp\/v2\/users\/1"}],"replies":[{"embeddable":true,"href":"https:\/\/biharertekei.hu\/index.php\/wp-json\/wp\/v2\/comments?post=4656"}],"version-history":[{"count":31,"href":"https:\/\/biharertekei.hu\/index.php\/wp-json\/wp\/v2\/pages\/4656\/revisions"}],"predecessor-version":[{"id":4891,"href":"https:\/\/biharertekei.hu\/index.php\/wp-json\/wp\/v2\/pages\/4656\/revisions\/4891"}],"wp:attachment":[{"href":"https:\/\/biharertekei.hu\/index.php\/wp-json\/wp\/v2\/media?parent=4656"}],"curies":[{"name":"wp","href":"https:\/\/api.w.org\/{rel}","templated":true}]}}